tor of 83086?
False
Does 95 divide 314012?
False
Is 116044 a multiple of 1511?
False
Is 17 a factor of 4437657?
False
Does 486 divide 407754?
True
Is 2787728 a multiple of 16?
True
Is 1057 a factor of 11157692?
True
Does 226 divide 3707982?
True
Is 41 a factor of 1447705?
False
Does 7 divide 14165?
False
Is 13478349 a multiple of 34?
False
Is 187110 a multiple of 198?
True
Does 95 divide 1330?
True
Is 64448 a multiple of 83?
False
Is 20196 a multiple of 66?
True
Is 2360875 a multiple of 84?
False
Does 18 divide 193140?
True
Is 1488421 a multiple of 596?
False
Does 9 divide 30947392?
False
Is 84 a factor of 38505?
False
Is 125 a factor of 177125?
True
Is 5188076 a multiple of 23?
False
Does 346 divide 847008?
True
Does 18 divide 60270?
False
Does 8 divide 1802394?
False
Is 15 a factor of 3312801?
False
Is 1456 a factor of 6322890?
False
Is 36540 a multiple of 58?
True
Does 15 divide 759390?
True
Does 215 divide 631025?
True
Is 199606 a multiple of 14?
False
Is 13 a factor of 5504261?
False
Is 4568062 a multiple of 1960?
False
Is 146492 a multiple of 10?
False
Is 12 a factor of 1448364?
True
Is 9 a factor of 108166?
False
Is 241955 a multiple of 217?
True
Does 632 divide 1329836?
False
Is 74 a factor of 333404?
False
Is 10063428 a multiple of 12?
True
Is 47060 a multiple of 9?
False
Is 34210 a multiple of 16?
False
Is 1757803 a multiple of 618?
False
Does 103 divide 96614?
True
Is 430372 a multiple of 91?
False
Does 37 divide 436365?
False
Is 81 a factor of 242250?
False
Is 1839849 a multiple of 11?
True
Is 249 a factor of 2671272?
True
Is 101310 a multiple of 33?
True
Does 610 divide 691419?
False
Is 393 a factor of 6630696?
True
Does 10 divide 249514?
False
Is 7734322 a multiple of 138?
False
Is 53 a factor of 481664?
True
Is 185316 a multiple of 3?
True
Does 857 divide 2317328?
True
Does 348 divide 584639?
False
Does 16 divide 1700096?
True
Is 452445 a multiple of 15?
True
Is 25 a factor of 2953613?
False
Does 3 divide 642773?
False
Does 279 divide 73935?
True
Is 6 a factor of 41508?
True
Is 3840512 a multiple of 4?
True
Does 154 divide 91014?
True
Is 100098 a multiple of 83?
True
Is 284040 a multiple of 108?
True
Does 48 divide 2832?
True
Is 63 a factor of 631545?
False
Does 32 divide 2325?
False
Does 2 divide 3797?
False
Is 107 a factor of 138244?
True
Is 1031249 a multiple of 203?
False
Is 54 a factor of 173286?
True
Is 11 a factor of 448647?
False
Is 32 a factor of 3925152?
True
Is 40 a factor of 576080?
True
Does 228 divide 1048396?
False
Does 533 divide 60705?
False
Is 725019 a multiple of 383?
True
Is 17 a factor of 950538?
True
Is 405 a factor of 12156701?
False
Is 47426 a multiple of 7?
False
Is 14 a factor of 55153?
False
Does 236 divide 6251168?
True
Is 133 a factor of 58665?
False
Does 81 divide 342402?
False
Is 18 a factor of 13040?
False
Does 21 divide 101871?
True
Does 199 divide 589912?
False
Is 741240 a multiple of 180?
True
Does 9 divide 209853?
True
Is 158283 a multiple of 43?
True
Is 11 a factor of 15560?
False
Is 117438 a multiple of 69?
True
Is 96 a factor of 824114?
False
Is 368 a factor of 4605888?
True
Is 326268 a multiple of 477?
True
Is 27 a factor of 27513?
True
Is 13128892 a multiple of 28?
True
Does 10 divide 5731?
False
Is 128 a factor of 313385?
False
Is 820 a factor of 1305440?
True
Is 138 a factor of 4595400?
True
Does 7 divide 3881967?
False
Is 6 a factor of 694746?
True
Does 42 divide 424686?
False
Is 21347 a multiple of 112?
False
Does 10 divide 56103?
False
Is 44 a factor of 2777789?
False
Is 8321 even?
False
Is 14545249 a multiple of 597?
False
Does 173 divide 142529?
False
Is 429840 a multiple of 270?
True
Does 1360 divide 2151520?
True
Is 112466 a multiple of 34?
False
Does 18 divide 5968890?
True
Is 9 a factor of 351036?
True
Is 34 a factor of 118061?
False
Is 352 a factor of 21450283?
False
Is 91 a factor of 670488?
True
Is 378210 a multiple of 82?
False
Is 14 a factor of 312606?
True
Does 318 divide 222600?
True
Is 4051062 a multiple of 657?
True
Does 462 divide 1538704?
False
Is 2460663 a multiple of 12?
False
Is 92 a factor of 7497353?
False
Is 8 a factor of 661908?
False
Does 154 divide 419998?
False
Is 65 a factor of 320970?
True
Is 234 a factor of 119599?
False
Is 9 a factor of 77238?
True
Is 462280 a multiple of 10?
True
Does 89 divide 468585?
True
Is 422610 a multiple of 15?
True
Is 169 a factor of 3496325?
False
Is 186 a factor of 3711072?
True
Does 8 divide 160661?
False
Is 2708724 even?
True
Is 17 a factor of 1096925?
True
Is 37 a factor of 89133?
True
Is 9016330 a multiple of 334?
True
Does 54 divide 243244?
False
Is 1991 a factor of 5310809?
False
Is 7 a factor of 75122?
False
Is 4 a factor of 3009695?
False
Is 2017616 a multiple of 85?
False
Does 339 divide 5763?
True
Does 8 divide 389368?
True
Is 65 a factor of 649053?
False
Does 8 divide 101456?
True
Is 169391 a multiple of 33?
False
Is 550745 a multiple of 481?
True
Is 768 a factor of 2778350?
False
Is 291 a factor of 1404657?
True
Is 23 a factor of 1299661?
True
Is 24 a factor of 893324?
False
Does 2565 divide 20285447?
False
Is 551040 a multiple of 24?
True
Is 1698419 a multiple of 44?
False
Is 7 a factor of 7845?
False
Is 390062 a multiple of 16?
False
Does 74 divide 169027?
False
Does 32 divide 522345?
False
Is 935735 a multiple of 31?
True
Does 257 divide 94576?
True
Is 1194129 a multiple of 19?
False
Is 21 a factor of 466914?
True
Is 583270 a multiple of 235?
True
Is 6590024 a multiple of 8?
True
Is 16 a factor of 499107?
False
Is 150 a factor of 12226350?
True
Is 26 a factor of 205036?
True
Is 42 a factor of 1527834?
True
Is 30883 a multiple of 20?
False
Does 16 divide 866448?
True
Is 408 a factor of 7831019?
False
Does 38 divide 57296?
False
Is 11 a factor of 262339?
True
Is 20 a factor of 3730740?
True
Does 38 divide 818216?
True
Does 16 divide 131920?
True
Is 561471 a multiple of 116?
False
Is 3106553 a multiple of 173?
False
Does 33 divide 3129199?
False
Is 1806111 a multiple of 151?
True
Is 19298 a multiple of 76?
False
Does 3 divide 15756?
True
Is 5 a factor of 263590?
True
Is 36046 a multiple of 20?
False
Is 127662 a multiple of 56?
False
Does 1028 divide 136323?
False
Does 12 divide 12100?
False
Is 258827 a multiple of 174?
False
Does 22 divide 25838?
False
Is 20 a factor of 1067228?
False
Does 73 divide 120479?
False
Does 3 divide 23502?
True
Does 21 divide 60387?
False
Is 36 a factor of 197265?
False
Does 10 divide 215845?
False
Does 126 divide 605885?
False
Is 110154 a multiple of 271?
False
Is 18 a factor of 1578410?
False
Is 77 a factor of 237083?
True
Is 5949675 a multiple of 75?
True
Is 155846 a multiple of 5?
False
Does 10 divide 1704157?
False
Is 62817 a multiple of 313?
False
Does 1787 divide 10418210?
True
Does 14 divide 57216?
False
Is 59 a factor of 966656?
True
Is 189898 a multiple of 30?
False
Is 948937 a multiple of 338?
False
Is 4045804 a multiple of 28?
True
Does 110 divide 1443420?
True
Is 39 a factor of 1947270?
True
Is 643682 a multiple of 19?
True
Does 21 divide 741518?
False
Is 14 a factor of 276858?
False
Is 33 a factor of 84117?
True
Is 655 a factor of 6035325?
False
Is 181 a factor of 99007?
True
Is 115379 a multiple of 11?
True
Is 945317 a multiple of 35?
False
Is 14 a factor of 10393334?
True
Is 177072 a multiple of 112?
True
Does 172 divide 2322793?
False
Is 14 a factor of 386624?
True
Is 4 a factor of 1705484?
True
Does 196 divide 1336524?
True
Does 27 divide 6242632?
False
Is 388 a factor of 7101224?
False
Is 67 a factor of 3376599?
True
Is 29 a factor of 330165?
True
Is 152 a factor of 4103088?
True
Is 1623612 a multiple of 19?
False
Is 97760 a multiple of 5?
True
Does 8 divide 345374?
False
Is 64324 a multiple of 1020?
False
Does 255 divide 129650?
False
Does 5 divide 86460?
True
Is 29 a factor of 1254250?
True
Is 200305 a multiple of 43?
False
Is 18 a factor of 2233149?
False
Does 107 divide 5669500?
False
Is 193 a factor of 1811549?
False
Does 9 divide 58193?
False
Is 10 a factor of 1412415?
False
Does 35 divide 109058?
False
Is 26 a factor of 173058?
False
Is 13 a factor of 147420?
True
Is 2479825 a multiple of 251?
False
Does 7 divide 113657?
False
Is 7 a factor of 1599572?
False
Does 101 divide 322803?
False
Is 220176 a multiple of 23?
False
Is 8 a factor of 361766?
False
Is 8